{"id":45,"date":"2014-12-15T13:39:42","date_gmt":"2014-12-15T13:39:42","guid":{"rendered":"http:\/\/s472846442.online.de\/webseiten\/dev.smartcycle.de\/wordpress\/?page_id=45"},"modified":"2024-03-05T14:59:44","modified_gmt":"2024-03-05T13:59:44","slug":"beachten-sie-bitte-folgende-hinweise","status":"publish","type":"page","link":"https:\/\/dev.smartcycle.de\/?page_id=45","title":{"rendered":"Beachten Sie bitte folgende Hinweise:"},"content":{"rendered":"<hr \/>\n<ol>\n<li>Die Lieferung bzw. Abholung von Boxen erfolgt binnen 2-3 Tagen nach Erteilung eines Auftrages.<\/li>\n<li>Lieferung und Abholung sind getrennte Auftr\u00e4ge.<br \/>\nAus diesem Grund kann der Spediteur bei Lieferung keine Abholung durchf\u00fchren.<\/li>\n<li>Eine einzelne Sammelbox darf die max. 30kg nicht \u00fcberschreiten und<br \/>\nist gut zu verschlie\u00dfen &#8211; besser zu verkleben.<\/li>\n<li>Gr\u00f6\u00dfe einer Sammelbox: 580mm x 370mm x 620mm<\/li>\n<li>Bitte teilen Sie uns mit, ob es sich bei der Abholung um SmartCycle-Boxen oder<br \/>\num Paletten-Boxen handelt. (Angabe in St\u00fcck)<\/li>\n<\/ol>\n<hr \/>\n<h3 style=\"text-align: right;\"><a title=\"Sammelbox jetzt online anfordern\/abholen lassen:\" href=\"https:\/\/dev.smartcycle.de\/?page_id=225\"><span style=\"color: #ff0000;\">weiter zum Auftrag<\/span><\/a><\/h3>\n","protected":false},"excerpt":{"rendered":"<p>Die Lieferung bzw. Abholung von Boxen erfolgt binnen 2-3 Tagen nach Erteilung eines Auftrages. Lieferung und Abholung sind getrennte Auftr\u00e4ge. Aus diesem Grund kann der Spediteur bei Lieferung keine Abholung durchf\u00fchren. Eine einzelne Sammelbox darf die max. 30kg nicht \u00fcberschreiten und ist gut zu verschlie\u00dfen &#8211; besser zu verkleben. Gr\u00f6\u00dfe einer Sammelbox: 580mm x 370mm &#8230; <a title=\"Beachten Sie bitte folgende Hinweise:\" class=\"read-more\" href=\"https:\/\/dev.smartcycle.de\/?page_id=45\" aria-label=\"Mehr Informationen \u00fcber Beachten Sie bitte folgende Hinweise:\">Weiterlesen &#8230;<\/a><\/p>\n","protected":false},"author":1,"featured_media":0,"parent":0,"menu_order":0,"comment_status":"closed","ping_status":"closed","template":"layouts\/page_no-sidebar.php","meta":{"footnotes":""},"class_list":["post-45","page","type-page","status-publish"],"_links":{"self":[{"href":"https:\/\/dev.smartcycle.de\/index.php?rest_route=\/wp\/v2\/pages\/45","targetHints":{"allow":["GET"]}}],"collection":[{"href":"https:\/\/dev.smartcycle.de\/index.php?rest_route=\/wp\/v2\/pages"}],"about":[{"href":"https:\/\/dev.smartcycle.de\/index.php?rest_route=\/wp\/v2\/types\/page"}],"author":[{"embeddable":true,"href":"https:\/\/dev.smartcycle.de\/index.php?rest_route=\/wp\/v2\/users\/1"}],"replies":[{"embeddable":true,"href":"https:\/\/dev.smartcycle.de\/index.php?rest_route=%2Fwp%2Fv2%2Fcomments&post=45"}],"version-history":[{"count":0,"href":"https:\/\/dev.smartcycle.de\/index.php?rest_route=\/wp\/v2\/pages\/45\/revisions"}],"wp:attachment":[{"href":"https:\/\/dev.smartcycle.de\/index.php?rest_route=%2Fwp%2Fv2%2Fmedia&parent=45"}],"curies":[{"name":"wp","href":"https:\/\/api.w.org\/{rel}","templated":true}]}}