{"id":130,"date":"2018-04-30T14:05:36","date_gmt":"2018-04-30T13:05:36","guid":{"rendered":"http:\/\/s472846442.online.de\/webseiten\/www.smartcycle.de\/?page_id=130"},"modified":"2022-10-24T09:04:19","modified_gmt":"2022-10-24T08:04:19","slug":"impressum","status":"publish","type":"page","link":"https:\/\/dev.smartcycle.de\/?page_id=130","title":{"rendered":"Impressum"},"content":{"rendered":"<p><strong>Impressum.<\/strong><br \/>\nUFP Deutschland GmbH<br \/>\nCarl-Friedrich-Gau\u00df-Str. 11<br \/>\n47475 Kamp-Lintfort<br \/>\nFax: 02159 \/ 699 1422<br \/>\nE-Mail: box(at)smartcycle.de<\/p>\n<p>Registergericht: Amtsgericht Kleve<br \/>\nRegisternummer: HRB 6747<br \/>\nSteuer-Nummer: 119\/5712\/0071<br \/>\nWEEE-Reg.-Nr.: DE36191895<br \/>\nUSt.-Id.Nr. gem. \u00a727a UStG: DE DE811379141<\/p>\n<p>Gesch\u00e4ftsf\u00fchrer: Torsten Schnutz<\/p>\n<p>Haftungshinweis:<br \/>\nDie Internetseiten der UFP Deutschland GmbH beinhalten Informationen \u00fcber Unternehmen, Produkte und Dienstleistungen. Diese werden kontinuierlich aktualisiert und weiterentwickelt. Wir behalten uns technische \u00c4nderungen und Irrt\u00fcmer vor. Trotz sorgf\u00e4ltiger inhaltlicher Kontrolle \u00fcbernimmt die UFP Deutschland GmbH keine Haftung f\u00fcr die Inhalte externer Links. F\u00fcr den Inhalt der verlinkten Seiten sind ausschlie\u00dflich deren Betreiber verantwortlich.<\/p>\n","protected":false},"excerpt":{"rendered":"<p>Impressum. UFP Deutschland GmbH Carl-Friedrich-Gau\u00df-Str. 11 47475 Kamp-Lintfort Fax: 02159 \/ 699 1422 E-Mail: box(at)smartcycle.de Registergericht: Amtsgericht Kleve Registernummer: HRB 6747 Steuer-Nummer: 119\/5712\/0071 WEEE-Reg.-Nr.: DE36191895 USt.-Id.Nr. gem. \u00a727a UStG: DE DE811379141 Gesch\u00e4ftsf\u00fchrer: Torsten Schnutz Haftungshinweis: Die Internetseiten der UFP Deutschland GmbH beinhalten Informationen \u00fcber Unternehmen, Produkte und Dienstleistungen. Diese werden kontinuierlich aktualisiert und weiterentwickelt. Wir &#8230; <a title=\"Impressum\" class=\"read-more\" href=\"https:\/\/dev.smartcycle.de\/?page_id=130\" aria-label=\"Mehr Informationen \u00fcber Impressum\">Weiterlesen &#8230;<\/a><\/p>\n","protected":false},"author":1,"featured_media":0,"parent":0,"menu_order":0,"comment_status":"closed","ping_status":"closed","template":"layouts\/page_no-sidebar.php","meta":{"footnotes":""},"class_list":["post-130","page","type-page","status-publish"],"_links":{"self":[{"href":"https:\/\/dev.smartcycle.de\/index.php?rest_route=\/wp\/v2\/pages\/130","targetHints":{"allow":["GET"]}}],"collection":[{"href":"https:\/\/dev.smartcycle.de\/index.php?rest_route=\/wp\/v2\/pages"}],"about":[{"href":"https:\/\/dev.smartcycle.de\/index.php?rest_route=\/wp\/v2\/types\/page"}],"author":[{"embeddable":true,"href":"https:\/\/dev.smartcycle.de\/index.php?rest_route=\/wp\/v2\/users\/1"}],"replies":[{"embeddable":true,"href":"https:\/\/dev.smartcycle.de\/index.php?rest_route=%2Fwp%2Fv2%2Fcomments&post=130"}],"version-history":[{"count":0,"href":"https:\/\/dev.smartcycle.de\/index.php?rest_route=\/wp\/v2\/pages\/130\/revisions"}],"wp:attachment":[{"href":"https:\/\/dev.smartcycle.de\/index.php?rest_route=%2Fwp%2Fv2%2Fmedia&parent=130"}],"curies":[{"name":"wp","href":"https:\/\/api.w.org\/{rel}","templated":true}]}}